{"id":75,"date":"2016-03-20T16:49:01","date_gmt":"2016-03-20T16:49:01","guid":{"rendered":"http:\/\/oscend.templines.org\/?page_id=75"},"modified":"2025-02-03T05:55:48","modified_gmt":"2025-02-03T08:55:48","slug":"home","status":"publish","type":"page","link":"https:\/\/bapm.ar\/","title":{"rendered":"Home"},"content":{"rendered":"<div class=\"wpb-content-wrapper\"><p>[vc_row kswr_row_top_decor_enabled=\u00bbfalse\u00bb kswr_row_bottom_decor_enabled=\u00bbfalse\u00bb][vc_column]\n\t\t\t\t<p class=\"rs-p-wp-fix\"><\/p>\n\t\t\t\t<sr7-module data-alias=\"home01\" data-id=\"1\" id=\"SR7_1_1\" class=\"rs-ov-hidden\" data-version=\"6.7.14\">\n\t\t\t\t\t<sr7-adjuster><\/sr7-adjuster>\n\t\t\t\t\t<sr7-content>\n\t\t\t\t\t\t<sr7-slide id=\"SR7_1_1-2\" data-key=\"2\">\n\t\t\t\t\t\t<\/sr7-slide>\n\t\t\t\t\t\t<sr7-slide id=\"SR7_1_1-4\" data-key=\"4\">\n\t\t\t\t\t\t<\/sr7-slide>\n\t\t\t\t\t<\/sr7-content>\n\t\t\t\t<\/sr7-module>\n\t\t\t\t<script>\n\t\t\t\t\tSR7.PMH ??={}; SR7.PMH[\"SR7_1_1\"] = {cn:0,state:false,fn: function() { if (_tpt!==undefined && _tpt.prepareModuleHeight !== undefined) {  _tpt.prepareModuleHeight({id:\"SR7_1_1\",el:[868,868,768,960,720],type:'standard',shdw:'0',gh:[868,868,768,960,720],gw:[1240,1240,1024,778,480],vpt:['100px&#039;,&#039;100px&#039;,&#039;100px&#039;,&#039;100px&#039;,&#039;100px'],size:{fullWidth:true, fullHeight:false},mh:'0',onh:0,onw:0,bg:{color:'{\"orig\":\"transparent\",\"type\":\"solid\",\"string\":\"transparent\"}'},plType:'0',plColor:'#FFFFFF'});   SR7.PMH[\"SR7_1_1\"].state=true;} else if((SR7.PMH[\"SR7_1_1\"].cn++)<100)\tsetTimeout( SR7.PMH[\"SR7_1_1\"].fn,19);}};SR7.PMH[\"SR7_1_1\" ].fn();\n\t\t\t\t<\/script>\n[\/vc_column][\/vc_row][vc_row full_width=\u00bbstretch_row_content_no_spaces\u00bb pix_bottom_effect=\u00bbwith-bottom-effect transparent-effect\u00bb el_class=\u00bbslider-fix\u00bb kswr_row_top_decor_enabled=\u00bbfalse\u00bb kswr_row_bottom_decor_enabled=\u00bbfalse\u00bb][vc_column][\/vc_column][\/vc_row][vc_row ppadding=\u00bbvc_pixrow-padding-both\u00bb][vc_column][box_title title=\u00bbGesti\u00f3n corporativa\u00bb after_title=\u00bbNuestra gesti\u00f3n corporativa se enfoca en la optimizaci\u00f3n integral de recursos y procesos, asegurando la sostenibilidad y eficiencia operativa. Promueve una toma de decisiones estrat\u00e9gica que impulsa el crecimiento.\u00bb][\/box_title][vc_row_inner][vc_column_inner width=\u00bb1\/4&#8243;][box_feature title=\u00bbAtenci\u00f3n al vecino\u00bb icon_pixstrokegap=\u00bbicon icon-House\u00bb css_animation=\u00bbfadeIn\u00bb]Ofrecemos atenci\u00f3n personalizada a propietarios y residentes, asegurando respuestas r\u00e1pidas y claras a sus consultas. Nuestra prioridad es la transparencia y la cercan\u00eda para mantener la confianza de nuestros clientes.[\/box_feature][\/vc_column_inner][vc_column_inner width=\u00bb1\/4&#8243;][box_feature title=\u00bbRecursos Humanos\u00bb icon_pixstrokegap=\u00bbicon icon-ManFigure\u00bb css_animation=\u00bbfadeIn\u00bb]Nos especializamos en la gesti\u00f3n integral del personal, desde la selecci\u00f3n hasta el desarrollo de planes de capacitaci\u00f3n. Garantizamos un enfoque profesional que promueva el crecimiento y la eficiencia del grupo humano.[\/box_feature][\/vc_column_inner][vc_column_inner width=\u00bb1\/4&#8243;][box_feature title=\u00bbInfraestructura\u00bb icon_pixstrokegap=\u00bbicon icon-Puzzle\u00bb css_animation=\u00bbfadeIn\u00bb]Brindamos soluciones avanzadas en mantenimiento preventivo y correctivo, optimizando la operatividad de las instalaciones. Nuestro enfoque estrat\u00e9gico extiende la vida \u00fatil de las infraestructuras, priorizando la innovaci\u00f3n tecnol\u00f3gica.[\/box_feature][\/vc_column_inner][vc_column_inner width=\u00bb1\/4&#8243;][box_feature title=\u00bbExpensas\u00bb icon_pixstrokegap=\u00bbicon icon-Blog\u00bb css_animation=\u00bbfadeIn\u00bb]Garantizamos un proceso de liquidaci\u00f3n claro y transparente, acompa\u00f1ado de notificaciones peri\u00f3dicas y acceso a informaci\u00f3n actualizada. Nuestro sistema \u00abCuentas Claras\u00bb asegura la confianza y el control financiero de cada consorcio.[\/box_feature][\/vc_column_inner][\/vc_row_inner][vc_row_inner][vc_column_inner width=\u00bb1\/4&#8243;][box_feature title=\u00bbLegales\u00bb icon_pixstrokegap=\u00bbicon icon-Notes\u00bb css_animation=\u00bbfadeIn\u00bb]Nuestro equipo legal ofrece soporte integral, desde la creaci\u00f3n de reglamentos hasta la resoluci\u00f3n de conflictos en asambleas. Aseguramos que todas las actividades se realicen dentro del marco legal adecuado, fortaleciendo la convivencia y bienestar de todos los residentes.[\/box_feature][\/vc_column_inner][vc_column_inner width=\u00bb1\/4&#8243;][box_feature title=\u00bbComunicaci\u00f3n\u00bb icon_pixstrokegap=\u00bbicon icon-Microphone\u00bb css_animation=\u00bbfadeIn\u00bb]La comunicaci\u00f3n es un pilar esencial en BAPM, donde combinamos tecnolog\u00edas avanzadas y estrategias personalizadas para fortalecer la convivencia. Desarrollamos campa\u00f1as personalizadas y materiales claros para mantener a los residentes siempre informados.[\/box_feature][\/vc_column_inner][vc_column_inner width=\u00bb1\/4&#8243;][box_feature title=\u00bbPeople Manager\u00bb icon_pixstrokegap=\u00bbicon icon-Tie\u00bb css_animation=\u00bbfadeIn\u00bb]Contamos con un equipo encargado de realizar censos y<br \/>\nempadronamiento de nuestros clientes, para mantener actualizada la informaci\u00f3n de todos los residentes, asegurando procesos organizados. Gestionamos altas y bajas con un enfoque en la seguridad y la eficiencia.[\/box_feature][\/vc_column_inner][vc_column_inner width=\u00bb1\/4&#8243;][box_feature title=\u00bbSeguridad electr\u00f3nica\u00bb icon_pixstrokegap=\u00bbicon icon-OpenedLock\u00bb css_animation=\u00bbfadeIn\u00bb]Dentro del departamento de IT nos especializamos en el dise\u00f1o e<br \/>\nimplementaci\u00f3n de sistemas de c\u00e1maras y controles de acceso, con el objetivo de garantizar tranquilidad y protecci\u00f3n de todos los residentes, adapt\u00e1ndonos siempre a las necesidades espec\u00edficas de cada cliente.[\/box_feature][\/vc_column_inner][\/vc_row_inner][\/vc_column][\/vc_row][vc_row ppadding=\u00bbvc_pixrow-padding-both\u00bb][vc_column][vc_single_image image=\u00bb14462&#8243; img_size=\u00bbfull\u00bb alignment=\u00bbcenter\u00bb css_animation=\u00bbbottom-to-top\u00bb css=\u00bb\u00bb][\/vc_column][\/vc_row][vc_row css=\u00bb.vc_custom_1458499334752{padding-bottom: 60px !important;}\u00bb][vc_column][vc_single_image image=\u00bb14483&#8243; img_size=\u00bbfull\u00bb alignment=\u00bbcenter\u00bb css_animation=\u00bbbottom-to-top\u00bb css=\u00bb\u00bb][\/vc_column][\/vc_row][vc_row panchor=\u00bbanchor-effect\u00bb icon_pixstrokegap=\u00bbicon icon-Umbrella\u00bb el_id=\u00bbareas-section\u00bb css=\u00bb.vc_custom_1458499882648{padding-bottom: 80px !important;}\u00bb][vc_column width=\u00bb1\/2&#8243;][box_title titlepos=\u00bbtext-right\u00bb title=\u00bbInnovaci\u00f3n y excelencia\u00bb after_title=\u00bb\u00c1reas clave que impulsan nuestro enfoque integral y personalizado.\u00bb]En BAPM, combinamos planificaci\u00f3n estrat\u00e9gica, comunicaci\u00f3n efectiva, innovaci\u00f3n tecnol\u00f3gica y una gesti\u00f3n efectiva para optimizar recursos y garantizar la satisfacci\u00f3n de nuestros clientes.\u00a0 Con m\u00e1s de una d\u00e9cada de experiencia, nos posicionamos como l\u00edderes en soluciones adaptadas para cada barrio y consorcio, para transformar la administraci\u00f3n de propiedades en un modelo eficiente, sostenible y centrado en las personas.[\/box_title][\/vc_column][vc_column width=\u00bb1\/2&#8243;][vc_single_image image=\u00bb14343&#8243; img_size=\u00bbfull\u00bb alignment=\u00bbcenter\u00bb css=\u00bb\u00bb][\/vc_column][\/vc_row][vc_row full_width=\u00bbstretch_row\u00bb pixoverlay=\u00bbvc_row-overlay dark\u00bb pixoverlayopacity=\u00bb0.8&#8243; pix_bottom_effect=\u00bbwith-bottom-effect\u00bb ptextcolor=\u00bbtext-white\u00bb css=\u00bb.vc_custom_1738566356828{padding-top: 100px !important;padding-bottom: 200px !important;background-image: url(https:\/\/bapm.ar\/wp-content\/uploads\/2025\/02\/2-1.jpg?id=14442) !important;background-position: center !important;background-repeat: no-repeat !important;background-size: cover !important;}\u00bb][vc_column][vc_text_separator title=\u00bbClientes\u00bb css=\u00bb\u00bb][\/vc_column][\/vc_row][vc_row css=\u00bb.vc_custom_1458673889248{padding-top: 30px !important;}\u00bb][vc_column][box_title title=\u00bbCasos de \u00e9xito\u00bb after_title=\u00bbBAPM ha crecido y se consolidado como l\u00edder en la gesti\u00f3n de propiedades a lo largo de los a\u00f1os, ampliando su portafolio para incluir una diversidad de complejos residenciales. Este crecimiento ha sido acompa\u00f1ado por la confianza continua de sus clientes iniciales, lo que refleja el compromiso de BAPM con la excelencia, la innovaci\u00f3n y la satisfacci\u00f3n del cliente.\u00bb][\/box_title][\/vc_column][\/vc_row][vc_row full_width=\u00bbstretch_row_content\u00bb css=\u00bb.vc_custom_1738566558272{padding-bottom: 100px !important;}\u00bb][vc_column][section_portfolio cat_port=\u00bb29,27,28,47,31,30&#8243; perrow=\u00bb4&#8243; type=\u00bbtype_with_icons\u00bb tab_id=\u00bbcd39b139-8869-2&#8243;][\/section_portfolio][\/vc_column][\/vc_row][vc_row full_width=\u00bbstretch_row\u00bb icon_pixstrokegap=\u00bbicon icon-Umbrella\u00bb el_id=\u00bbsteps-section\u00bb css=\u00bb.vc_custom_1468963546986{padding-top: 110px !important;padding-bottom: 60px !important;background-image: url(http:\/\/oscend.templines.org\/wp-content\/uploads\/2016\/03\/section-4-2.jpg?id=191) !important;background-position: center !important;background-repeat: no-repeat !important;background-size: cover !important;}\u00bb][vc_column][box_title title=\u00bbProcesos ordenados. Grandes resultados\u00bb after_title=\u00bbNuestro Proceso de Gesti\u00f3n Integral\u00bb][\/box_title][vc_row_inner][vc_column_inner width=\u00bb1\/3&#8243;][box_icon_step title=\u00bbEvaluamos y Planificamos\u00bb icon_pixstrokegap=\u00bbicon icon-ChartUp\u00bb css_animation=\u00bbfadeIn\u00bb][\/vc_column_inner][vc_column_inner width=\u00bb1\/3&#8243;][box_icon_step title=\u00bbGestionamos y Ejecutamos\u00bb step=\u00bb2&#8243; color=\u00bbinvert\u00bb icon_pixstrokegap=\u00bbicon icon-Play\u00bb css_animation=\u00bbfadeIn\u00bb][\/vc_column_inner][vc_column_inner width=\u00bb1\/3&#8243;][box_icon_step title=\u00bbSupervisamos y Mejoramos\u00bb step=\u00bb3&#8243; icon_pixstrokegap=\u00bbicon icon-Medal\u00bb css_animation=\u00bbfadeIn\u00bb][\/vc_column_inner][\/vc_row_inner][vc_row_inner][vc_column_inner width=\u00bb1\/2&#8243; css=\u00bb.vc_custom_1459182849964{padding-top: 80px !important;}\u00bb][vc_single_image image=\u00bb14402&#8243; img_size=\u00bb400&#215;400&#8243; alignment=\u00bbcenter\u00bb css=\u00bb\u00bb][\/vc_column_inner][vc_column_inner width=\u00bb1\/2&#8243; css=\u00bb.vc_custom_1458760817501{padding-top: 40px !important;}\u00bb][vc_column_text css=\u00bb\u00bb]<\/p>\n<h5>Cada cliente, nuestra prioridad<\/h5>\n<h4>En BAPM, nuestro compromiso es garantizar la excelencia en cada interacci\u00f3n.<\/h4>\n<p>Nuestra prioridad es ofrecer un servicio de excelencia que se adapte a las necesidades de cada consorcio y barrio. Desde el primer contacto, nuestros equipos trabajan de manera coordinada para garantizar que cada aspecto de la gesti\u00f3n inmobiliaria sea manejado con profesionalismo, eficiencia y atenci\u00f3n al detalle.<\/p>\n<p>Contamos con un equipo multidisciplinario especializado en contabilidad, infraestructura, legales, IT, recursos humanos y comunicaci\u00f3n. Este enfoque integral nos permite abordar cada desaf\u00edo con soluciones innovadoras y personalizadas, asegurando que todas las \u00e1reas de la administraci\u00f3n funcionen de manera \u00f3ptima.[\/vc_column_text][\/vc_column_inner][\/vc_row_inner][\/vc_column][\/vc_row][vc_row pix_bottom_effect=\u00bbwith-bottom-effect\u00bb][vc_column][vc_single_image image=\u00bb14464&#8243; img_size=\u00bbfull\u00bb alignment=\u00bbcenter\u00bb css=\u00bb\u00bb][\/vc_column][\/vc_row][vc_row css=\u00bb.vc_custom_1458763584776{padding-top: 30px !important;padding-bottom: 60px !important;}\u00bb][vc_column width=\u00bb1\/3&#8243;][box_feature_left_icon title=\u00bbGesti\u00f3n Eficiente\u00bb icon_pixstrokegap=\u00bbicon icon-Like\u00bb under_title=\u00bbInnovaci\u00f3n en cada proceso\u00bb]Optimizamos los recursos y procesos de cada consorcio utilizando herramientas tecnol\u00f3gicas avanzadas que garantizan resultados claros y eficientes.[\/box_feature_left_icon][vc_separator color=\u00bbcustom\u00bb accent_color=\u00bb#eff2f7&#8243; el_class=\u00bbhidden-xs\u00bb][box_feature_left_icon title=\u00bbInnovaci\u00f3n en la Comunicaci\u00f3n\u00bb icon_pixstrokegap=\u00bbicon icon-Antenna1&#8243; under_title=\u00bbPlanificHerramientas avanzadas para conectar\u00bb]Incorporamos estrategias digitales innovadoras para garantizar una comunicaci\u00f3n clara, efectiva y en tiempo real. Esto fortalece la relaci\u00f3n con los residentes y asegura un flujo de informaci\u00f3n constante y transparente.[\/box_feature_left_icon][\/vc_column][vc_column width=\u00bb1\/3&#8243;][box_feature_left_icon title=\u00bbTransparencia\u00bb icon_pixstrokegap=\u00bbicon icon-Share\u00bb under_title=\u00bbControl y claridad en las finanzas\u00bb]Implementamos plataformas financieras que brindan informaci\u00f3n en tiempo real, asegurando la transparencia en la gesti\u00f3n de expensas y presupuestos.[\/box_feature_left_icon][vc_separator color=\u00bbcustom\u00bb accent_color=\u00bb#eff2f7&#8243; el_class=\u00bbhidden-xs\u00bb][box_feature_left_icon title=\u00bbSoporte Integral\u00bb icon_pixstrokegap=\u00bbicon icon-WorldWide\u00bb under_title=\u00bbUn equipo preparado para innovar\u00bb]Nuestro equipo multidisciplinario trabaja con las \u00faltimas herramientas para ofrecer un servicio integral en todas las \u00e1reas de gesti\u00f3n. La innovaci\u00f3n es el motor que impulsa cada proceso y optimiza los resultados.[\/box_feature_left_icon][\/vc_column][vc_column width=\u00bb1\/3&#8243;][box_feature_left_icon title=\u00bbTrabajo en Equipo\u00bb icon_pixstrokegap=\u00bbicon icon-Footbal\u00bb under_title=\u00bbColaboraci\u00f3n como base del \u00e9xito\u00bb]Fomentamos la cooperaci\u00f3n entre equipos, asegurando una gesti\u00f3n integrada y efectiva. La suma de perspectivas impulsa soluciones innovadoras y resultados exitosos.[\/box_feature_left_icon][vc_separator color=\u00bbcustom\u00bb accent_color=\u00bb#eff2f7&#8243; el_class=\u00bbhidden-xs\u00bb][box_feature_left_icon title=\u00bbMonitoreo en Tiempo Real\u00bb icon_pixstrokegap=\u00bbicon icon-DesktopMonitor\u00bb under_title=\u00bbDecisiones basadas en datos\u00bb]Ofrecemos soluciones que permiten un seguimiento constante de las operaciones, facilitando la toma de decisiones informadas y efectivas.[\/box_feature_left_icon][\/vc_column][\/vc_row][vc_row full_width=\u00bbstretch_row\u00bb video_bg=\u00bbyes\u00bb video_bg_url=\u00bbhttps:\/\/youtu.be\/CdaknUWWDik\u00bb pixoverlay=\u00bbvc_row-overlay dark\u00bb pixoverlayopacity=\u00bb0.8&#8243; pix_bottom_effect=\u00bbwith-bottom-effect\u00bb ptextcolor=\u00bbtext-white\u00bb css=\u00bb.vc_custom_1738569870870{padding-top: 100px !important;padding-bottom: 180px !important;background-image: url(https:\/\/bapm.ar\/wp-content\/uploads\/2025\/02\/equipo.png?id=14465) !important;}\u00bb][vc_column][box_video url=\u00bbhttps:\/\/www.youtube.com\/watch?v=CdaknUWWDik\u00bb title=\u00bbMir\u00e1 nuestro video corporativo\u00bb undertitle=\u00bbConocenos un poco m\u00e1s\u00bb][\/box_video][\/vc_column][\/vc_row][vc_row pix_bottom_effect=\u00bbwith-bottom-effect\u00bb][vc_column][section_team][\/section_team][\/vc_column][\/vc_row][vc_row css=\u00bb.vc_custom_1458825189873{padding-top: 70px !important;padding-bottom: 130px !important;}\u00bb][vc_column][box_title title=\u00bbPrensa\u00bb after_title=\u00bbBA|PM en los medios\u00bb][\/box_title][section_reviews reviews_per_page=\u00bb1&#8243; disable_carousel=\u00bb1&#8243;][section_review image=\u00bb14447&#8243; title=\u00bbRevista Locally\u00bb position=\u00bbNordeltea\u00bb]BA Property Managers es una empresa que pisa fuerte en Nordelta y est\u00e1 cambiando la manera de abordar la gesti\u00f3n integral de inmuebles. Mariano Pico, su Director General, comparte con nosotros las claves que explican el reconocimiento de sus clientes: \u201cBasamos nuestro trabajo en el conocimiento de las necesidades de cada complejo, adaptando nuestras soluciones a las mismas, entendiendo que lo que hacemos impacta en el bienestar de las familias&#8230;[\/section_review][section_review image=\u00bb14449&#8243; title=\u00bbRevista Locally\u00bb position=\u00bbNordelta\u00bb]Hace m\u00e1s de dos a\u00f1os se plante\u00f3 el desaf\u00edo de encarar la culminaci\u00f3n de la obra del Edificio Estudios de Bah\u00eda Grande ante el abandono de su desarrollador y evidente perjuicio que eso representaba para quienes hab\u00edamos comprado y pagado nuestras unidades.[\/section_review][\/section_reviews][\/vc_column][\/vc_row][vc_row full_width=\u00bbstretch_row\u00bb icon_pixstrokegap=\u00bbicon icon-Umbrella\u00bb ptextcolor=\u00bbtext-white\u00bb css=\u00bb.vc_custom_1458826945032{padding-top: 80px !important;padding-bottom: 80px !important;background-color: #ff6400 !important;}\u00bb el_id=\u00bbbuy-section-1&#8243;][vc_column width=\u00bb2\/3&#8243;][box_icon_big title=\u00bb\u00bfQuer\u00e9s ser parte del equipo de BAPM?\u00bb icon_pixstrokegap=\u00bbicon icon-Briefcase\u00bb css_animation=\u00bbfadeInLeft\u00bb info=\u00bbRegistrate para sumarte al equipo\u00bb][\/vc_column][vc_column width=\u00bb1\/3&#8243;][box_button btntype=\u00bbbtn-info\u00bb btnstyle=\u00bbtext-center\u00bb css_animation=\u00bbfadeInRight\u00bb btntext=\u00bbPostularme\u00bb btnlink=\u00bburl:http%3A%2F%2Ftemplines.com|title:Get%20Started%20NOW|target:%20_blank\u00bb][\/vc_column][\/vc_row][vc_row full_width=\u00bbstretch_row\u00bb pixoverlay=\u00bbvc_row-overlay dark\u00bb pixoverlayopacity=\u00bb0.8&#8243; pix_bottom_effect=\u00bbwith-bottom-effect\u00bb css=\u00bb.vc_custom_1464289480408{padding-top: 90px !important;padding-bottom: 150px !important;background-image: url(http:\/\/oscend.templines.org\/wp-content\/uploads\/2016\/03\/section-3-2.jpg?id=270) !important;background-position: center !important;background-repeat: no-repeat !important;background-size: cover !important;}\u00bb][vc_column][box_twitter num_of_tweets=\u00bb3&#8243; disable_carousel=\u00bb1&#8243; username=\u00bbtemplines\u00bb consumer_key=\u00bbwbpc9opdoy2nFHTN79I6YB8tJ\u00bb consumer_secret=\u00bbbD76IwQ7q2OA8igl4a3quTkWicZPczaFrTilTF9M3trcyJoiQr\u00bb access_token=\u00bb1890582516-wxkcoyfhkLRUwuYB27xXIRs0BFtzwGPdnEMAs86&#8243; access_token_secret=\u00bb6l39rw70AqhAYja0GvuncjH2RHI1fl0lkk0ZKxGlDYqC3&#8243;][\/vc_column][\/vc_row][vc_row css=\u00bb.vc_custom_1458853534881{padding-top: 30px !important;padding-bottom: 120px !important;}\u00bb][vc_column][box_title css_animation=\u00bbfadeInDown\u00bb title=\u00bbUna empresa que usa la tecnolog\u00eda como camino al futuro\u00bb after_title=\u00bbTrabajamos con m\u00faltiples sistemas y aplicaciones\u00bb][\/box_title][section_brands][section_brand link=\u00bb||\u00bb css_animation=\u00bbfadeInLeft\u00bb image=\u00bb14476&#8243;][section_brand link=\u00bburl:%23||target:%20_blank\u00bb css_animation=\u00bbfadeInRight\u00bb image=\u00bb14474&#8243;][section_brand link=\u00bburl:%23||target:%20_blank\u00bb css_animation=\u00bbfadeInRight\u00bb image=\u00bb14473&#8243;][section_brand image=\u00bb14477&#8243;][section_brand image=\u00bb14472&#8243;][\/section_brands][vc_row_inner][vc_column_inner][\/vc_column_inner][\/vc_row_inner][\/vc_column][\/vc_row]<\/p>\n<\/div>","protected":false},"excerpt":{"rendered":"<p>[vc_row kswr_row_top_decor_enabled=\u00bbfalse\u00bb kswr_row_bottom_decor_enabled=\u00bbfalse\u00bb][vc_column][\/vc_column][\/vc_row][vc_row full_width=\u00bbstretch_row_content_no_spaces\u00bb pix_bottom_effect=\u00bbwith-bottom-effect transparent-effect\u00bb el_class=\u00bbslider-fix\u00bb kswr_row_top_decor_enabled=\u00bbfalse\u00bb kswr_row_bottom_decor_enabled=\u00bbfalse\u00bb][vc_column][\/vc_column][\/vc_row][vc_row ppadding=\u00bbvc_pixrow-padding-both\u00bb][vc_column][box_title title=\u00bbGesti\u00f3n corporativa\u00bb after_title=\u00bbNuestra gesti\u00f3n corporativa se enfoca en la optimizaci\u00f3n integral de recursos y procesos, asegurando la sostenibilidad y eficiencia operativa. Promueve una toma de decisiones estrat\u00e9gica que impulsa el crecimiento.\u00bb][\/box_title][vc_row_inner][vc_column_inner width=\u00bb1\/4&#8243;][box_feature title=\u00bbAtenci\u00f3n al vecino\u00bb icon_pixstrokegap=\u00bbicon icon-House\u00bb css_animation=\u00bbfadeIn\u00bb]Ofrecemos atenci\u00f3n personalizada a propietarios y residentes, asegurando<\/p>\n","protected":false},"author":1,"featured_media":0,"parent":0,"menu_order":0,"comment_status":"open","ping_status":"open","template":"home-template.php","meta":{"_monsterinsights_skip_tracking":false,"_monsterinsights_sitenote_active":false,"_monsterinsights_sitenote_note":"","_monsterinsights_sitenote_category":0,"footnotes":""},"class_list":["post-75","page","type-page","status-publish","hentry"],"aioseo_notices":[],"_links":{"self":[{"href":"https:\/\/bapm.ar\/index.php?rest_route=\/wp\/v2\/pages\/75","targetHints":{"allow":["GET"]}}],"collection":[{"href":"https:\/\/bapm.ar\/index.php?rest_route=\/wp\/v2\/pages"}],"about":[{"href":"https:\/\/bapm.ar\/index.php?rest_route=\/wp\/v2\/types\/page"}],"author":[{"embeddable":true,"href":"https:\/\/bapm.ar\/index.php?rest_route=\/wp\/v2\/users\/1"}],"replies":[{"embeddable":true,"href":"https:\/\/bapm.ar\/index.php?rest_route=%2Fwp%2Fv2%2Fcomments&post=75"}],"version-history":[{"count":61,"href":"https:\/\/bapm.ar\/index.php?rest_route=\/wp\/v2\/pages\/75\/revisions"}],"predecessor-version":[{"id":14484,"href":"https:\/\/bapm.ar\/index.php?rest_route=\/wp\/v2\/pages\/75\/revisions\/14484"}],"wp:attachment":[{"href":"https:\/\/bapm.ar\/index.php?rest_route=%2Fwp%2Fv2%2Fmedia&parent=75"}],"curies":[{"name":"wp","href":"https:\/\/api.w.org\/{rel}","templated":true}]}}