{"id":457,"date":"2016-03-26T19:28:54","date_gmt":"2016-03-26T19:28:54","guid":{"rendered":"http:\/\/oscend.templines.org\/?page_id=457"},"modified":"2025-02-03T06:31:26","modified_gmt":"2025-02-03T09:31:26","slug":"portfolio-1-columns-3-without-sidebar","status":"publish","type":"page","link":"https:\/\/bapm.ar\/?page_id=457","title":{"rendered":"Portfolio"},"content":{"rendered":"<div class=\"wpb-content-wrapper\"><p>[vc_row][vc_column][box_title2 title=\u00bbCasos de \u00e9xito\u00bb]<span class=\"OYPEnA font-feature-liga-off font-feature-clig-off font-feature-calt-off text-decoration-none text-strikethrough-none\">A lo largo de los a\u00f1os, BAPM ha experimentado un crecimiento sostenido y significativo, consolid\u00e1ndose como l\u00edder en el gerenciamiento de propiedades. Comenzamos nuestra trayectoria hace 12 a\u00f1os con el proyecto Lofts de la Bah\u00eda, y desde entonces hemos ampliado nuestro portafolio para incluir una gran variedad de complejos residenciales. Cada nuevo cliente representa un voto de confianza en nuestra capacidad para proporcionar servicios de alta calidad.<\/span><\/p>\n<p>&nbsp;<\/p>\n<p><span class=\"OYPEnA font-feature-liga-off font-feature-clig-off font-feature-calt-off text-decoration-none text-strikethrough-none\">Nos enorgullece destacar que muchos de nuestros clientes iniciales contin\u00faan confiando en nosotros, manteni\u00e9ndose a nuestro lado a lo largo del tiempo. Esta fidelidad es testimonio de nuestro compromiso con la excelencia, la innovaci\u00f3n y la satisfacci\u00f3n del cliente, principios que nos gu\u00edan en cada proyecto que emprendemos.<\/span>[\/box_title2][vc_empty_space height=\u00bb50px\u00bb][section_portfolio template=\u00bblanding\u00bb cat_port=\u00bb29,27,28,47,31,30&#8243; perrow=\u00bb3&#8243; type=\u00bbtype_with_icons\u00bb tab_id=\u00bb7900f882-b4f7-0&#8243; count=\u00bb20&#8243;][\/section_portfolio][\/vc_column][\/vc_row]<\/p>\n<\/div>","protected":false},"excerpt":{"rendered":"<p>[vc_row][vc_column][box_title2 title=\u00bbCasos de \u00e9xito\u00bb]A lo largo de los a\u00f1os, BAPM ha experimentado un crecimiento sostenido y significativo, consolid\u00e1ndose como l\u00edder en el gerenciamiento de propiedades. Comenzamos nuestra trayectoria hace 12 a\u00f1os con el proyecto Lofts de la Bah\u00eda, y desde entonces hemos ampliado nuestro portafolio para incluir una gran variedad de complejos residenciales. Cada nuevo<\/p>\n","protected":false},"author":1,"featured_media":14440,"parent":0,"menu_order":0,"comment_status":"closed","ping_status":"closed","template":"","meta":{"_monsterinsights_skip_tracking":false,"_monsterinsights_sitenote_active":false,"_monsterinsights_sitenote_note":"","_monsterinsights_sitenote_category":0,"footnotes":""},"class_list":["post-457","page","type-page","status-publish","has-post-thumbnail","hentry"],"aioseo_notices":[],"_links":{"self":[{"href":"https:\/\/bapm.ar\/index.php?rest_route=\/wp\/v2\/pages\/457","targetHints":{"allow":["GET"]}}],"collection":[{"href":"https:\/\/bapm.ar\/index.php?rest_route=\/wp\/v2\/pages"}],"about":[{"href":"https:\/\/bapm.ar\/index.php?rest_route=\/wp\/v2\/types\/page"}],"author":[{"embeddable":true,"href":"https:\/\/bapm.ar\/index.php?rest_route=\/wp\/v2\/users\/1"}],"replies":[{"embeddable":true,"href":"https:\/\/bapm.ar\/index.php?rest_route=%2Fwp%2Fv2%2Fcomments&post=457"}],"version-history":[{"count":6,"href":"https:\/\/bapm.ar\/index.php?rest_route=\/wp\/v2\/pages\/457\/revisions"}],"predecessor-version":[{"id":14506,"href":"https:\/\/bapm.ar\/index.php?rest_route=\/wp\/v2\/pages\/457\/revisions\/14506"}],"wp:featuredmedia":[{"embeddable":true,"href":"https:\/\/bapm.ar\/index.php?rest_route=\/wp\/v2\/media\/14440"}],"wp:attachment":[{"href":"https:\/\/bapm.ar\/index.php?rest_route=%2Fwp%2Fv2%2Fmedia&parent=457"}],"curies":[{"name":"wp","href":"https:\/\/api.w.org\/{rel}","templated":true}]}}