{"id":284,"date":"2016-03-25T14:02:57","date_gmt":"2016-03-25T14:02:57","guid":{"rendered":"http:\/\/oscend.templines.org\/?page_id=284"},"modified":"2025-02-03T06:11:04","modified_gmt":"2025-02-03T09:11:04","slug":"about-us","status":"publish","type":"page","link":"https:\/\/bapm.ar\/?page_id=284","title":{"rendered":"Nosotros"},"content":{"rendered":"<div class=\"wpb-content-wrapper\"><p>[vc_row css=\u00bb.vc_custom_1458915086925{padding-bottom: 40px !important;}\u00bb][vc_column width=\u00bb1\/4&#8243;][box_feature title=\u00bbGesti\u00f3n\u00bb icon_pixstrokegap=\u00bbicon icon-Briefcase\u00bb css_animation=\u00bbfadeIn\u00bb]Nuestro modelo operativo asegura eficiencia en cada proceso, brindando un servicio adaptado a las necesidades de cada cliente.[\/box_feature][\/vc_column][vc_column width=\u00bb1\/4&#8243;][box_feature title=\u00bbPlanificaci\u00f3n\u00bb icon_pixstrokegap=\u00bbicon icon-Chart\u00bb css_animation=\u00bbfadeIn\u00bb]Nos enfocamos en objetivos a corto y largo plazo para asegurar siempre la eficiencia y el \u00e9xito continuo de las operaciones.[\/box_feature][\/vc_column][vc_column width=\u00bb1\/4&#8243;][box_feature title=\u00bbInnovaci\u00f3n\u00bb icon_pixstrokegap=\u00bbicon icon-Bulb\u00bb css_animation=\u00bbfadeIn\u00bb]Implementamos tecnolog\u00eda de punta para optimizar recursos y procesos, garantizando soluciones vanguardistas.[\/box_feature][\/vc_column][vc_column width=\u00bb1\/4&#8243;][box_feature title=\u00bbComunicaci\u00f3n\u00bb icon_pixstrokegap=\u00bbicon icon-Headset\u00bb css_animation=\u00bbfadeIn\u00bb]Aplicamos estrategias claras y efectivas que promueven la transparencia y fortalecen la conexi\u00f3n con los residentes.[\/box_feature][\/vc_column][\/vc_row][vc_row css=\u00bb.vc_custom_1458915244809{padding-top: 30px !important;padding-bottom: 60px !important;}\u00bb][vc_column][vc_single_image image=\u00bb14464&#8243; img_size=\u00bbfull\u00bb alignment=\u00bbcenter\u00bb css=\u00bb\u00bb][\/vc_column][\/vc_row][vc_row icon_pixstrokegap=\u00bbicon icon-Umbrella\u00bb el_id=\u00bbsteps-section\u00bb css=\u00bb.vc_custom_1458915723858{padding-top: 110px !important;padding-bottom: 80px !important;background-image: url(http:\/\/oscend.templines.org\/wp-content\/uploads\/2016\/03\/section-4-2.jpg?id=191) !important;}\u00bb][vc_column][box_title title=\u00bbProcesos claros. Soluciones excepcionales\u00bb after_title=\u00bbCada proceso est\u00e1 dise\u00f1ado para optimizar recursos y garantizar resultados \u00f3ptimos..\u00bb][\/box_title][vc_row_inner][vc_column_inner width=\u00bb1\/3&#8243;][box_icon_step title=\u00bbPlanificamos\u00bb icon_pixstrokegap=\u00bbicon icon-Pen\u00bb css_animation=\u00bbfadeIn\u00bb][\/vc_column_inner][vc_column_inner width=\u00bb1\/3&#8243; css=\u00bb.vc_custom_1738540779735{margin-right: -15px !important;margin-left: -15px !important;padding-right: -5px !important;padding-left: -5px !important;}\u00bb][box_icon_step title=\u00bbOrganizamos\u00bb step=\u00bb2&#8243; color=\u00bbinvert\u00bb icon_pixstrokegap=\u00bbicon icon-Restart\u00bb css_animation=\u00bbfadeIn\u00bb][\/vc_column_inner][vc_column_inner width=\u00bb1\/3&#8243;][box_icon_step title=\u00bbejecutamos\u00bb step=\u00bb3&#8243; icon_pixstrokegap=\u00bbicon icon-Play\u00bb css_animation=\u00bbfadeIn\u00bb][\/vc_column_inner][\/vc_row_inner][vc_row_inner][vc_column_inner css=\u00bb.vc_custom_1458760817501{padding-top: 40px !important;}\u00bb][vc_column_text css=\u00bb\u00bb]<\/p>\n<h5 class=\"italic-title\">Construimos relaciones basadas en la confianza<\/h5>\n<h4>Experiencia, comunicaci\u00f3n y compromiso en cada interacci\u00f3n.<\/h4>\n<p>En BAPM, cultivamos una comunicaci\u00f3n cercana y efectiva con nuestros clientes, asegurando que cada necesidad sea atendida con profesionalismo y atenci\u00f3n al detalle. Con a\u00f1os de experiencia en el sector, ofrecemos soluciones claras y personalizadas, acompa\u00f1ando a nuestros clientes en cada paso del proceso. Nuestro compromiso es crear relaciones de confianza basadas en la transparencia, excelencia y resultados que superen las expectativas.[\/vc_column_text][\/vc_column_inner][\/vc_row_inner][\/vc_column][\/vc_row][vc_row full_width=\u00bbstretch_row\u00bb pixoverlay=\u00bbvc_row-overlay dark\u00bb pixoverlayopacity=\u00bb0.8&#8243; pix_bottom_effect=\u00bbwith-bottom-effect\u00bb ptextcolor=\u00bbtext-white\u00bb css=\u00bb.vc_custom_1458500548087{padding-top: 100px !important;padding-bottom: 200px !important;background-image: url(http:\/\/oscend.templines.org\/wp-content\/uploads\/2016\/03\/section-1-2.jpg?id=107) !important;background-position: center !important;background-repeat: no-repeat !important;background-size: cover !important;}\u00bb][vc_column width=\u00bb1\/4&#8243;][box_amount title=\u00bbunidades\u00bb amount=\u00bb6000&#8243; icon_pixstrokegap=\u00bbicon icon-House\u00bb][\/vc_column][vc_column width=\u00bb1\/4&#8243;][box_amount title=\u00bbpa\u00edses\u00bb amount=\u00bb3&#8243; icon_pixstrokegap=\u00bbicon icon-WorldGlobe\u00bb][\/vc_column][vc_column width=\u00bb1\/4&#8243;][box_amount title=\u00bbClientes\u00bb amount=\u00bb16&#8243; icon_pixstrokegap=\u00bbicon icon-Flag\u00bb][\/vc_column][vc_column width=\u00bb1\/4&#8243;][box_amount title=\u00bbequipo\u00bb amount=\u00bb38&#8243; icon_pixstrokegap=\u00bbicon icon-Users\u00bb][\/vc_column][\/vc_row][vc_row css=\u00bb.vc_custom_1458917013458{padding-bottom: 30px !important;}\u00bb][vc_column][box_title title=\u00bbTrayectoria\u00bb after_title=\u00bbPor m\u00e1s dif\u00edcil que sea el camini, siempre existe un recorrido\u00bb][\/box_title][\/vc_column][\/vc_row][vc_row icon_pixstrokegap=\u00bbicon icon-Flag\u00bb el_id=\u00bbtimeline-section\u00bb css=\u00bb.vc_custom_1458919063842{padding-bottom: 90px !important;}\u00bb][vc_column][section_timeline][section_timeline_option css_animation=\u00bbfadeInUp\u00bb date=\u00bbEnero 2012&#8243; title=\u00bbNordelta Bah\u00eda &#8211; Loft &#038; Condominios de la Bah\u00eda\u00bb image=\u00bb14368&#8243;]<span class=\"OYPEnA font-feature-liga-off font-feature-clig-off font-feature-calt-off text-decoration-none text-strikethrough-none\">Lofts de la Bah\u00eda: <\/span><span class=\"OYPEnA font-feature-liga-off font-feature-clig-off font-feature-calt-off text-decoration-none text-strikethrough-none\">95 Unidades con 50 Cocheras.<\/span><\/p>\n<p><span class=\"OYPEnA font-feature-liga-off font-feature-clig-off font-feature-calt-off text-decoration-none text-strikethrough-none\">Condominios de la Bahia:\u00a0<\/span><span class=\"OYPEnA font-feature-liga-off font-feature-clig-off font-feature-calt-off text-decoration-none text-strikethrough-none\">130 Unidades con 80 cocheras.<\/span>[\/section_timeline_option][section_timeline_option type=\u00bbright\u00bb css_animation=\u00bbfadeInUp\u00bb date=\u00bbEnero 2016&#8243; title=\u00bbNordelta Bah\u00eda &#8211; Estudios de la Bah\u00eda\u00bb]<\/p>\n<p class=\"cvGsUA direction-ltr align-center para-style-body\"><span class=\"OYPEnA font-feature-liga-off font-feature-clig-off font-feature-calt-off text-decoration-none text-strikethrough-none\">140 Unidades con 100 cocheras. <\/span><span class=\"OYPEnA font-feature-liga-off font-feature-clig-off font-feature-calt-off text-decoration-none text-strikethrough-none\">Edificio corporativo.<\/span><\/p>\n<p>[\/section_timeline_option][section_timeline_option css_animation=\u00bbfadeInUp\u00bb date=\u00bbEnero 2020&#8243; title=\u00bbVicente Lopez &#8211; Residencias Al R\u00edo\u00bb image=\u00bb14355&#8243;]<\/p>\n<p class=\"cvGsUA direction-ltr align-center para-style-body\"><span class=\"OYPEnA font-feature-liga-off font-feature-clig-off font-feature-calt-off text-decoration-none text-strikethrough-none\">390 Unidades con 600 cocheras.<\/span><span class=\"OYPEnA font-feature-liga-off font-feature-clig-off font-feature-calt-off text-decoration-none text-strikethrough-none\">5 Torres residenciales Premium.<\/span><\/p>\n<p>[\/section_timeline_option][section_timeline_option type=\u00bbright\u00bb css_animation=\u00bbfadeInUp\u00bb date=\u00bbNoviembre 2022&#8243; title=\u00bbTigre &#8211; Venice Tigre\u00bb image=\u00bb14372&#8243;]<\/p>\n<p class=\"cvGsUA direction-ltr align-center para-style-body\"><span class=\"OYPEnA font-feature-liga-off font-feature-clig-off font-feature-calt-off text-decoration-none text-strikethrough-none\">500 Unidades con 600 Cocheras. <\/span><span class=\"OYPEnA font-feature-liga-off font-feature-clig-off font-feature-calt-off text-decoration-none text-strikethrough-none\">Complejo Premium, navegable con amarras.<\/span><\/p>\n<p>[\/section_timeline_option][section_timeline_option css_animation=\u00bbfadeInUp\u00bb date=\u00bbSeptiembre 2022&#8243; title=\u00bbCABA &#8211; Vista Belgrano\u00bb image=\u00bb14360&#8243;]<\/p>\n<p class=\"cvGsUA direction-ltr align-center para-style-body\"><span class=\"OYPEnA font-feature-liga-off font-feature-clig-off font-feature-calt-off text-decoration-none text-strikethrough-none\">Vista Belgrano: <\/span><span class=\"OYPEnA font-feature-liga-off font-feature-clig-off font-feature-calt-off text-decoration-none text-strikethrough-none\">120 Unidades con 70 Cocheras. <\/span><span class=\"OYPEnA font-feature-liga-off font-feature-clig-off font-feature-calt-off text-decoration-none text-strikethrough-none\">Torre residencial Premium, con m\u00faltiples amenities y coworking.<\/span><\/p>\n<p>[\/section_timeline_option][section_timeline_option type=\u00bbright\u00bb css_animation=\u00bbfadeInUp\u00bb date=\u00bbEnero 2023 &#8211; Ribera\u00bb title=\u00bbNordelta Bahia\u00bb]<\/p>\n<p class=\"cvGsUA direction-ltr align-center para-style-body\"><span class=\"OYPEnA font-feature-liga-off font-feature-clig-off font-feature-calt-off text-decoration-none text-strikethrough-none\">Ribera &#8211; Islas del canal\u00a0 <\/span><span class=\"OYPEnA font-feature-liga-off font-feature-clig-off font-feature-calt-off text-decoration-none text-strikethrough-none\">96 Unidades &#8211; 80 Cocheras. <\/span><span class=\"OYPEnA font-feature-liga-off font-feature-clig-off font-feature-calt-off text-decoration-none text-strikethrough-none\">Tres edificios residenciales dentro del barrio Islas del Canal.<\/span><\/p>\n<p>[\/section_timeline_option][section_timeline_option type=\u00bbright\u00bb css_animation=\u00bbfadeInUp\u00bb date=\u00bbEnero 2024&#8243; title=\u00bbVicente Lopez &#8211; Boulevard Libertador\u00bb image=\u00bb14491&#8243;]<\/p>\n<p class=\"cvGsUA direction-ltr align-center para-style-body\">:\u00a0 76 unidades de 60 a 250 m\u00b2. Tres edificios con amplios amenities, adem\u00e1s de un espacio de coworking con vistas al r\u00edo y<br \/>\nseguridad 24 horas.<\/p>\n<p>[\/section_timeline_option][section_timeline_option css_animation=\u00bbfadeInUp\u00bb date=\u00bbFebrero 2024&#8243; title=\u00bbCABA &#8211; Arribe\u00f1os 1398&#8243; image=\u00bb14492&#8243;]<\/p>\n<p class=\"cvGsUA direction-ltr align-center para-style-body\">Arribe\u00f1os 1398.\u00a0<span class=\"OYPEnA font-feature-liga-off font-feature-clig-off font-feature-calt-off text-decoration-none text-strikethrough-none\">32 pisos &#8211; 64 Cocheras.\u00a0<\/span>Dos torres residenciales rodeadas por un parque central de 2.800 m\u00b2 que conserva una a\u00f1osa arboleda.<\/p>\n<p>[\/section_timeline_option][section_timeline_option type=\u00bbright\u00bb css_animation=\u00bbfadeInUp\u00bb date=\u00bbFebrero 2024&#8243; title=\u00bbLa Lucila &#8211; Yrigoyen Boulevard\u00bb]<\/p>\n<p class=\"cvGsUA direction-ltr align-center para-style-body\">112 unidades.\u00a0Dos edificios residenciales con gran cantidad de amenities, como pileta climatizada, SUM. Cuenta con seguridad las 24 horas.<\/p>\n<p>[\/section_timeline_option][section_timeline_option css_animation=\u00bbfadeInUp\u00bb date=\u00bbFebrero 2024&#8243; title=\u00bbCABA &#8211; Echeverr\u00eda 1822&#8243;]<\/p>\n<p class=\"cvGsUA direction-ltr align-center para-style-body\">Echeverria 1822<\/p>\n<p class=\"cvGsUA direction-ltr align-center para-style-body\"><span class=\"OYPEnA font-feature-liga-off font-feature-clig-off font-feature-calt-off text-decoration-none text-strikethrough-none\">24 unidades.<\/span><\/p>\n<p class=\"cvGsUA direction-ltr align-center para-style-body\">Exclusivo edificio residencial que combina lujo, comodidad<br \/>\ny una amplia gama de servicios.<\/p>\n<p>[\/section_timeline_option][section_timeline_option type=\u00bbright\u00bb css_animation=\u00bbfadeInUp\u00bb date=\u00bbFebrero 2024&#8243; title=\u00bbSan Fernando\u00bb image=\u00bb14435&#8243;]<\/p>\n<p class=\"cvGsUA direction-ltr align-center para-style-body\">Bah\u00eda del Sol Country Club<\/p>\n<p class=\"cvGsUA direction-ltr align-center para-style-body\">\u00a071 unidades.<\/p>\n<p class=\"cvGsUA direction-ltr align-center para-style-body\">Sistemas de Video vigilancia, control de acceso, pr\u00e1ctica de deportes n\u00e1uticos, con salida directa al r\u00edo.<\/p>\n<p>[\/section_timeline_option][\/section_timeline][\/vc_column][\/vc_row]<\/p>\n<\/div>","protected":false},"excerpt":{"rendered":"<p>[vc_row css=\u00bb.vc_custom_1458915086925{padding-bottom: 40px !important;}\u00bb][vc_column width=\u00bb1\/4&#8243;][box_feature title=\u00bbGesti\u00f3n\u00bb icon_pixstrokegap=\u00bbicon icon-Briefcase\u00bb css_animation=\u00bbfadeIn\u00bb]Nuestro modelo operativo asegura eficiencia en cada proceso, brindando un servicio adaptado a las necesidades de cada cliente.[\/box_feature][\/vc_column][vc_column width=\u00bb1\/4&#8243;][box_feature title=\u00bbPlanificaci\u00f3n\u00bb icon_pixstrokegap=\u00bbicon icon-Chart\u00bb css_animation=\u00bbfadeIn\u00bb]Nos enfocamos en objetivos a corto y largo plazo para asegurar siempre la eficiencia y el \u00e9xito continuo de las operaciones.[\/box_feature][\/vc_column][vc_column width=\u00bb1\/4&#8243;][box_feature title=\u00bbInnovaci\u00f3n\u00bb icon_pixstrokegap=\u00bbicon icon-Bulb\u00bb<\/p>\n","protected":false},"author":1,"featured_media":14487,"parent":0,"menu_order":0,"comment_status":"closed","ping_status":"closed","template":"","meta":{"_monsterinsights_skip_tracking":false,"_monsterinsights_sitenote_active":false,"_monsterinsights_sitenote_note":"","_monsterinsights_sitenote_category":0,"footnotes":""},"class_list":["post-284","page","type-page","status-publish","has-post-thumbnail","hentry"],"aioseo_notices":[],"_links":{"self":[{"href":"https:\/\/bapm.ar\/index.php?rest_route=\/wp\/v2\/pages\/284","targetHints":{"allow":["GET"]}}],"collection":[{"href":"https:\/\/bapm.ar\/index.php?rest_route=\/wp\/v2\/pages"}],"about":[{"href":"https:\/\/bapm.ar\/index.php?rest_route=\/wp\/v2\/types\/page"}],"author":[{"embeddable":true,"href":"https:\/\/bapm.ar\/index.php?rest_route=\/wp\/v2\/users\/1"}],"replies":[{"embeddable":true,"href":"https:\/\/bapm.ar\/index.php?rest_route=%2Fwp%2Fv2%2Fcomments&post=284"}],"version-history":[{"count":21,"href":"https:\/\/bapm.ar\/index.php?rest_route=\/wp\/v2\/pages\/284\/revisions"}],"predecessor-version":[{"id":14493,"href":"https:\/\/bapm.ar\/index.php?rest_route=\/wp\/v2\/pages\/284\/revisions\/14493"}],"wp:featuredmedia":[{"embeddable":true,"href":"https:\/\/bapm.ar\/index.php?rest_route=\/wp\/v2\/media\/14487"}],"wp:attachment":[{"href":"https:\/\/bapm.ar\/index.php?rest_route=%2Fwp%2Fv2%2Fmedia&parent=284"}],"curies":[{"name":"wp","href":"https:\/\/api.w.org\/{rel}","templated":true}]}}